{"id":17,"date":"2024-09-18T10:39:31","date_gmt":"2024-09-18T10:39:31","guid":{"rendered":"https:\/\/spasofsweden.se\/?page_id=17"},"modified":"2024-10-11T14:19:45","modified_gmt":"2024-10-11T14:19:45","slug":"om-oss","status":"publish","type":"page","link":"https:\/\/spasofsweden.se\/?page_id=17","title":{"rendered":"Om oss"},"content":{"rendered":"\t\t<div data-elementor-type=\"wp-page\" data-elementor-id=\"17\" class=\"elementor elementor-17\" data-elementor-post-type=\"page\">\n\t\t\t\t<div class=\"elementor-element elementor-element-0066bd6 e-grid e-con-boxed e-con e-parent\" data-id=\"0066bd6\" data-element_type=\"container\">\n\t\t\t\t\t<div class=\"e-con-inner\">\n\t\t\t\t<div class=\"elementor-element elementor-element-2b8805d elementor-widget elementor-widget-image\" data-id=\"2b8805d\" data-element_type=\"widget\" data-widget_type=\"image.default\">\n\t\t\t\t<div class=\"elementor-widget-container\">\n\t\t\t\t\t\t\t\t\t\t\t\t\t<img decoding=\"async\" src=\"https:\/\/spasofsweden.se\/wp-content\/uploads\/2024\/10\/juliana-mayo-Vw5RKO99LDw-unsplash-scaled.jpg\" title=\"juliana-mayo-Vw5RKO99LDw-unsplash\" alt=\"juliana-mayo-Vw5RKO99LDw-unsplash\" loading=\"lazy\" \/>\t\t\t\t\t\t\t\t\t\t\t\t\t<\/div>\n\t\t\t\t<\/div>\n\t\t<div class=\"elementor-element elementor-element-ce4a491 e-grid e-con-full e-con e-child\" data-id=\"ce4a491\" data-element_type=\"container\">\n\t\t\t\t<div class=\"elementor-element elementor-element-8d625b7 elementor-widget elementor-widget-image\" data-id=\"8d625b7\" data-element_type=\"widget\" data-widget_type=\"image.default\">\n\t\t\t\t<div class=\"elementor-widget-container\">\n\t\t\t\t\t\t\t\t\t\t\t\t\t<img decoding=\"async\" src=\"https:\/\/spasofsweden.se\/wp-content\/uploads\/2024\/10\/lisa-anna-Dt5oTgvVNjM-unsplash-scaled.jpg\" title=\"lisa-anna-Dt5oTgvVNjM-unsplash\" alt=\"lisa-anna-Dt5oTgvVNjM-unsplash\" loading=\"lazy\" \/>\t\t\t\t\t\t\t\t\t\t\t\t\t<\/div>\n\t\t\t\t<\/div>\n\t\t\t\t<div class=\"elementor-element elementor-element-aba64d6 elementor-widget elementor-widget-image\" data-id=\"aba64d6\" data-element_type=\"widget\" data-widget_type=\"image.default\">\n\t\t\t\t<div class=\"elementor-widget-container\">\n\t\t\t\t\t\t\t\t\t\t\t\t\t<img decoding=\"async\" src=\"https:\/\/spasofsweden.se\/wp-content\/uploads\/2024\/10\/zoe-stefanatou-nExQ7m1ZRmU-unsplash-scaled.jpg\" title=\"zoe-stefanatou-nExQ7m1ZRmU-unsplash\" alt=\"zoe-stefanatou-nExQ7m1ZRmU-unsplash\" loading=\"lazy\" \/>\t\t\t\t\t\t\t\t\t\t\t\t\t<\/div>\n\t\t\t\t<\/div>\n\t\t\t\t<\/div>\n\t\t\t\t<div class=\"elementor-element elementor-element-769d97d elementor-widget elementor-widget-image\" data-id=\"769d97d\" data-element_type=\"widget\" data-widget_type=\"image.default\">\n\t\t\t\t<div class=\"elementor-widget-container\">\n\t\t\t\t\t\t\t\t\t\t\t\t\t<img decoding=\"async\" src=\"https:\/\/spasofsweden.se\/wp-content\/uploads\/2024\/10\/maximilien-t-scharner-FD0Ga_KJTwM-unsplash-scaled.jpg\" title=\"maximilien-t-scharner-FD0Ga_KJTwM-unsplash\" alt=\"maximilien-t-scharner-FD0Ga_KJTwM-unsplash\" loading=\"lazy\" \/>\t\t\t\t\t\t\t\t\t\t\t\t\t<\/div>\n\t\t\t\t<\/div>\n\t\t<div class=\"elementor-element elementor-element-b5740dc e-grid e-con-full e-con e-child\" data-id=\"b5740dc\" data-element_type=\"container\">\n\t\t\t\t<div class=\"elementor-element elementor-element-24a8649 elementor-widget elementor-widget-image\" data-id=\"24a8649\" data-element_type=\"widget\" data-widget_type=\"image.default\">\n\t\t\t\t<div class=\"elementor-widget-container\">\n\t\t\t\t\t\t\t\t\t\t\t\t\t<img decoding=\"async\" src=\"https:\/\/spasofsweden.se\/wp-content\/uploads\/2024\/10\/li-yang-a8iCZvtrHpQ-unsplash-scaled.jpg\" title=\"li-yang-a8iCZvtrHpQ-unsplash\" alt=\"li-yang-a8iCZvtrHpQ-unsplash\" loading=\"lazy\" \/>\t\t\t\t\t\t\t\t\t\t\t\t\t<\/div>\n\t\t\t\t<\/div>\n\t\t\t\t<div class=\"elementor-element elementor-element-4446a3a elementor-widget elementor-widget-image\" data-id=\"4446a3a\" data-element_type=\"widget\" data-widget_type=\"image.default\">\n\t\t\t\t<div class=\"elementor-widget-container\">\n\t\t\t\t\t\t\t\t\t\t\t\t\t<img decoding=\"async\" src=\"https:\/\/spasofsweden.se\/wp-content\/uploads\/2024\/10\/point3d-commercial-imaging-ltd-41RtGos7y4g-unsplash-scaled.jpg\" title=\"point3d-commercial-imaging-ltd-41RtGos7y4g-unsplash\" alt=\"point3d-commercial-imaging-ltd-41RtGos7y4g-unsplash\" loading=\"lazy\" \/>\t\t\t\t\t\t\t\t\t\t\t\t\t<\/div>\n\t\t\t\t<\/div>\n\t\t\t\t<\/div>\n\t\t\t\t\t<\/div>\n\t\t\t\t<\/div>\n\t\t<div class=\"elementor-element elementor-element-6e65152 e-flex e-con-boxed e-con e-parent\" data-id=\"6e65152\" data-element_type=\"container\">\n\t\t\t\t\t<div class=\"e-con-inner\">\n\t\t\t\t<div class=\"elementor-element elementor-element-d1bfe93 elementor-widget__width-initial elementor-widget-mobile__width-initial elementor-widget elementor-widget-heading\" data-id=\"d1bfe93\" data-element_type=\"widget\" data-widget_type=\"heading.default\">\n\t\t\t\t<div class=\"elementor-widget-container\">\n\t\t\t<h2 class=\"elementor-heading-title elementor-size-default\">spas of sweden<\/h2>\t\t<\/div>\n\t\t\t\t<\/div>\n\t\t\t\t<div class=\"elementor-element elementor-element-a819167 elementor-widget__width-initial elementor-widget-mobile__width-inherit elementor-widget elementor-widget-text-editor\" data-id=\"a819167\" data-element_type=\"widget\" data-widget_type=\"text-editor.default\">\n\t\t\t\t<div class=\"elementor-widget-container\">\n\t\t\t\t\t\t\t<p><span style=\"color: var( --e-global-color-text ); font-family: var( --e-global-typography-text-font-family ), Sans-serif; font-weight: var( --e-global-typography-text-font-weight ); font-size: 1rem;\">P\u00e5 Spas of Sweden har vi en passion f\u00f6r att skapa platser d\u00e4r m\u00e4nniskor kan koppla av, njuta av livet och hitta sitt inre lugn. Vi erbjuder ett brett utbud av exklusiva spabad och pooler som kombinerar h\u00f6gsta kvalitet, innovativ teknik och elegant design f\u00f6r att ge dig en lyxig upplevelse \u2013 direkt i ditt hem.<\/span><\/p>\t\t\t\t\t\t<\/div>\n\t\t\t\t<\/div>\n\t\t\t\t\t<\/div>\n\t\t\t\t<\/div>\n\t\t<div class=\"elementor-element elementor-element-69a7c37 e-grid e-con-boxed e-con e-parent\" data-id=\"69a7c37\" data-element_type=\"container\">\n\t\t\t\t\t<div class=\"e-con-inner\">\n\t\t\t\t<div class=\"elementor-element elementor-element-d97008d elementor-widget elementor-widget-image\" data-id=\"d97008d\" data-element_type=\"widget\" data-widget_type=\"image.default\">\n\t\t\t\t<div class=\"elementor-widget-container\">\n\t\t\t\t\t\t\t\t\t\t\t\t\t<img fetchpriority=\"high\" decoding=\"async\" width=\"800\" height=\"571\" src=\"https:\/\/spasofsweden.se\/wp-content\/uploads\/2024\/10\/stanley-dai-ovanKMhLYec-unsplash-1024x731.jpg\" class=\"attachment-large size-large wp-image-246\" alt=\"\" srcset=\"https:\/\/spasofsweden.se\/wp-content\/uploads\/2024\/10\/stanley-dai-ovanKMhLYec-unsplash-1024x731.jpg 1024w, https:\/\/spasofsweden.se\/wp-content\/uploads\/2024\/10\/stanley-dai-ovanKMhLYec-unsplash-300x214.jpg 300w, https:\/\/spasofsweden.se\/wp-content\/uploads\/2024\/10\/stanley-dai-ovanKMhLYec-unsplash-768x549.jpg 768w, https:\/\/spasofsweden.se\/wp-content\/uploads\/2024\/10\/stanley-dai-ovanKMhLYec-unsplash-1536x1097.jpg 1536w, https:\/\/spasofsweden.se\/wp-content\/uploads\/2024\/10\/stanley-dai-ovanKMhLYec-unsplash-2048x1463.jpg 2048w\" sizes=\"(max-width: 800px) 100vw, 800px\" \/>\t\t\t\t\t\t\t\t\t\t\t\t\t<\/div>\n\t\t\t\t<\/div>\n\t\t<div class=\"elementor-element elementor-element-ec2d08d e-con-full e-flex e-con e-child\" data-id=\"ec2d08d\" data-element_type=\"container\">\n\t\t\t\t<div class=\"elementor-element elementor-element-577344b elementor-widget elementor-widget-heading\" data-id=\"577344b\" data-element_type=\"widget\" data-widget_type=\"heading.default\">\n\t\t\t\t<div class=\"elementor-widget-container\">\n\t\t\t<h2 class=\"elementor-heading-title elementor-size-default\">v\u00e5r vision<\/h2>\t\t<\/div>\n\t\t\t\t<\/div>\n\t\t\t\t<div class=\"elementor-element elementor-element-e269a4f elementor-widget elementor-widget-text-editor\" data-id=\"e269a4f\" data-element_type=\"widget\" data-widget_type=\"text-editor.default\">\n\t\t\t\t<div class=\"elementor-widget-container\">\n\t\t\t\t\t\t\t<p>V\u00e5r vision \u00e4r enkel: att hj\u00e4lpa m\u00e4nniskor att skapa sina egna oaser av avkoppling. Vi tror p\u00e5 kraften i att stanna upp, ta en paus fr\u00e5n vardagens stress och unna sig sj\u00e4lv en stunds lugn och v\u00e4lbefinnande. Med v\u00e5ra produkter str\u00e4var vi efter att f\u00f6rvandla din uteplats, tr\u00e4dg\u00e5rd eller hem till en plats f\u00f6r \u00e5terh\u00e4mtning och njutning.<\/p>\t\t\t\t\t\t<\/div>\n\t\t\t\t<\/div>\n\t\t\t\t<\/div>\n\t\t\t\t\t<\/div>\n\t\t\t\t<\/div>\n\t\t<div class=\"elementor-element elementor-element-4caa374 e-flex e-con-boxed e-con e-parent\" data-id=\"4caa374\" data-element_type=\"container\">\n\t\t\t\t\t<div class=\"e-con-inner\">\n\t\t\t\t<div class=\"elementor-element elementor-element-ed5415d elementor-widget elementor-widget-text-editor\" data-id=\"ed5415d\" data-element_type=\"widget\" data-widget_type=\"text-editor.default\">\n\t\t\t\t<div class=\"elementor-widget-container\">\n\t\t\t\t\t\t\t<p>Tack f\u00f6r att du v\u00e4ljer oss f\u00f6r din resa mot v\u00e4lbefinnande och livskvalitet.<\/p>\t\t\t\t\t\t<\/div>\n\t\t\t\t<\/div>\n\t\t\t\t\t<\/div>\n\t\t\t\t<\/div>\n\t\t\t\t<\/div>\n\t\t","protected":false},"excerpt":{"rendered":"<p>spas of sweden P\u00e5 Spas of Sweden har vi en passion f\u00f6r att skapa platser d\u00e4r m\u00e4nniskor kan koppla av, njuta av livet och hitta sitt inre lugn. Vi erbjuder ett brett utbud av exklusiva spabad och pooler som kombinerar h\u00f6gsta kvalitet, innovativ teknik och elegant design f\u00f6r att ge dig en lyxig upplevelse \u2013 [&hellip;]<\/p>\n","protected":false},"author":1,"featured_media":0,"parent":0,"menu_order":0,"comment_status":"closed","ping_status":"closed","template":"","meta":{"rank_math_lock_modified_date":false,"footnotes":""},"class_list":["post-17","page","type-page","status-publish","hentry"],"_links":{"self":[{"href":"https:\/\/spasofsweden.se\/index.php?rest_route=\/wp\/v2\/pages\/17","targetHints":{"allow":["GET"]}}],"collection":[{"href":"https:\/\/spasofsweden.se\/index.php?rest_route=\/wp\/v2\/pages"}],"about":[{"href":"https:\/\/spasofsweden.se\/index.php?rest_route=\/wp\/v2\/types\/page"}],"author":[{"embeddable":true,"href":"https:\/\/spasofsweden.se\/index.php?rest_route=\/wp\/v2\/users\/1"}],"replies":[{"embeddable":true,"href":"https:\/\/spasofsweden.se\/index.php?rest_route=%2Fwp%2Fv2%2Fcomments&post=17"}],"version-history":[{"count":81,"href":"https:\/\/spasofsweden.se\/index.php?rest_route=\/wp\/v2\/pages\/17\/revisions"}],"predecessor-version":[{"id":761,"href":"https:\/\/spasofsweden.se\/index.php?rest_route=\/wp\/v2\/pages\/17\/revisions\/761"}],"wp:attachment":[{"href":"https:\/\/spasofsweden.se\/index.php?rest_route=%2Fwp%2Fv2%2Fmedia&parent=17"}],"curies":[{"name":"wp","href":"https:\/\/api.w.org\/{rel}","templated":true}]}}